remainder when 481186 is divided by 3145.
1
Calculate the remainder when 3052123 is divided by 375.
373
What is the remainder when 1739636 is divided by 1426?
1342
Calculate the remainder when 2555272 is divided by 69061.
15
Calculate the remainder when 63259797 is divided by 2360.
2357
Calculate the remainder when 419951068 is divided by 1637.
1636
What is the remainder when 5336264 is divided by 1778740?
44
What is the remainder when 44697163 is divided by 1017?
13
What is the remainder when 1049110 is divided by 1925?
1910
What is the remainder when 4430907 is divided by 4430890?
17
What is the remainder when 55927046 is divided by 268?
2
What is the remainder when 69085 is divided by 907?
153
What is the remainder when 1860368 is divided by 4440?
8
Calculate the remainder when 4111649 is divided by 4111639.
10
Calculate the remainder when 78667 is divided by 1828.
63
What is the remainder when 280407 is divided by 40056?
15
Calculate the remainder when 58511 is divided by 5582.
2691
Calculate the remainder when 4831786 is divided by 5298.
10
What is the remainder when 1149818 is divided by 191627?
56
Calculate the remainder when 10162169 is divided by 10162103.
66
Calculate the remainder when 5448046 is divided by 789.
1
What is the remainder when 88770 is divided by 1560?
1410
Calculate the remainder when 18298704 is divided by 1029.
1026
What is the remainder when 57697332 is divided by 115?
107
What is the remainder when 9085702 is divided by 1621?
1618
What is the remainder when 745835 is divided by 269?
167
What is the remainder when 795170840 is divided by 265056944?
8
What is the remainder when 6157863 is divided by 5435?
8
Calculate the remainder when 69579 is divided by 34683.
213
Calculate the remainder when 55370 is divided by 436.
434
What is the remainder when 7498 is divided by 1306?
968
What is the remainder when 173082768 is divided by 214?
210
What is the remainder when 42188 is divided by 1404?
68
Calculate the remainder when 163082601 is divided by 127.
123
What is the remainder when 54985 is divided by 54862?
123
Calculate the remainder when 102251 is divided by 140.
51
Calculate the remainder when 6484053 is divided by 21.
9
Calculate the remainder when 7796884 is divided by 1768.
4
Calculate the remainder when 20666 is divided by 6169.
2159
Calculate the remainder when 75415257 is divided by 3414.
3411
What is the remainder when 945721 is divided by 577?
18
Calculate the remainder when 3006038 is divided by 520.
438
Calculate the remainder when 1927537 is divided by 101448.
25
What is the remainder when 61652470 is divided by 3425137?
4
What is the remainder when 2510444 is divided by 288?
236
Calculate the remainder when 1350008 is divided by 1349740.
268
What is the remainder when 662033 is divided by 2897?
1517
Calculate the remainder when 2346311 is divided by 19550.
311
Calculate the remainder when 369625 is divided by 73763.
810
Calculate the remainder when 178845 is divided by 111.
24
Calculate the remainder when 14332174 is divided by 715.
714
What is the remainder when 170695302 is divided by 2001?
1998
Calculate the remainder when 27967 is divided by 8140.
3547
What is the remainder when 23575 is divided by 1178?
15
Calculate the remainder when 514601 is divided by 6682.
87
What is the remainder when 415303 is divided by 207205?
893
Calculate the remainder when 6409167 is divided by 3204578.
11
Calculate the remainder when 124888 is divided by 124830.
58
What is the remainder when 28624117 is divided by 3507?
3490
Calculate the remainder when 2945177 is divided by 113276.
1
Calculate the remainder when 42355029 is divided by 35.
24
What is the remainder when 12664833 is divided by 81?
78
What is the remainder when 212706 is divided by 107?
97
Calculate the remainder when 10941 is divided by 6007.
4934
Calculate the remainder when 8720860 is divided by 20234.
6
Calculate the remainder when 16453 is divided by 7840.
773
What is the remainder when 26297263 is divided by 3003?
2995
What is the remainder when 150508798 is divided by 15?
13
Calculate the remainder when 158189 is divided by 1074.
311
Calculate the remainder when 16377046 is divided by 44382.
88
Calculate the remainder when 3251902 is divided by 406479.
70
Calculate the remainder when 3530617 is divided by 1081.
71
What is the remainder when 890251 is divided by 296414?
1009
Calculate the remainder when 4263053 is divided by 20.
13
What is the remainder when 3058415 is divided by 15292?
15
Calculate the remainder when 44063 is divided by 36296.
7767
What is the remainder when 38899 is divided by 4313?
82
Calculate the remainder when 159646 is divided by 1020.
526
Calculate the remainder when 168682 is divided by 896.
234
Calculate the remainder when 31742 is divided by 7910.
102
Calculate the remainder when 1414758 is divided by 175.
58
What is the remainder when 354600 is divided by 682?
642
Calculate the remainder when 201459454 is divided by 10760.
10734
What is the remainder when 369615 is divided by 12297?
705
Calculate the remainder when 39968 is divided by 4426.
134
Calculate the remainder when 821896 is divided by 410942.
12
What is the remainder when 803438 is divided by 29?
22
Calculate the remainder when 24819 is divided by 2141.
1268
What is the remainder when 2936 is divided by 461?
170
What is the remainder when 8554045 is divided by 712835?
25
What is the remainder when 268496 is divided by 134201?
94
Calculate the remainder when 3146911 is divided by 57.
55
What is the remainder when 2406251 is divided by 343748?
15
What is the remainder when 464908 is divided by 14086?
70
What is the remainder when 471889 is divided by 58873?
905
What is the remainder when 718867 is divided by 76?
59
What is the remainder when 2384174 is divided by 2984?
2942
What is the remainder when 137965 is divided by 27565?
140
Calculate the remainder when 107701 is divided by 27.
25
Calculate the remainder when 88606 is divided by 37.
28
Calculate the remainder when 915617 is divided by 457774.
69
Calculate the remainder when 2910962 is divided by 14928.
2
Calculate the remainder when 35133524 is divided by 63.
62
Calculate the remainder when 10501104 is divided by 18586.
14
Calculate the remainder when 177477 is divided by 177120.
357
Calculate the remainder when 577655 is divided by 30401.
36
What is the remainder when 2123203 is divided by 1048?
1003
Calculate the remainder when 900295 is divided by 78.
19
Calculate the remainder when 48415970 is divided by 381228.
14
What is the remainder when 4986555 is divided by 13813?
62
Calculate the remainder when 88047 is divided by 5114.
1109
What is the remainder when 23983419 is divided by 726?
9
What is the remainder when 2021642 is divided by 11?
7
Calculate the remainder when 528617582 is divided by 348.
14
What is the remainder when 992735 is divided by 992708?
27
Calculate the remainder when 22270618 is divided by 14.
6
What is the remainder when 19816404 is divided by 19466?
16
What is the remainder when 16867 is divided by 16212?
655
What is the remainder when 12212 is divided by 330?
2
Calculate the remainder when 667319604 is divided by 41.
37
Calculate the remainder when 147679 is divided by 1982.
1011
Calculate the remainder when 5864 is divided by 4339.
1525
What is the remainder when 3364396 is divided by 348?
280
Calculate the remainder when 5414052 is divided by 902339.
18
Calculate the remainder when 28076 is divided by 60.
56
What is the remainder when 431155 is divided by 61592?
11
What is the remainder when 8811635 is divided by 440581?
15
What is the remainder when 1523977 is divided by 62?
17
What is the remainder when 42758962 is divided by 705?
7
Calculate the remainder when 24621459 is divided by 307768.
19
Calculate the remainder when 26869 is divided by 13115.
639
What is the remainder when 369672 is divided by 679?
296
What is the remainder when 5601626 is divided by 12532?
12354
Calculate the remainder when 372972 is divided by 10542.
4002
Calculate the remainder when 8819574 is divided by 251981.
239
What is the remainder when 1617330 is divided by 90?
30
Calculate the remainder when 30477 is divided by 2675.
1052
What is the remainder when 3729445 is divided by 75?
70
Calculate